 h and 46.
23
Let h be 3 - 3/(9/(-852)). What is the greatest common factor of h and 41?
41
Let f be 3 + 3/((-3)/(-17)). What is the highest common divisor of f and 20?
20
Let t(j) = -j**2 + 12*j - 5. Let d be t(8). What is the greatest common factor of d and 108?
27
Suppose -3*m + m + 10 = 0. Suppose 0 = 5*c - m - 0. Let h = 231 - 226. What is the highest common factor of h and c?
1
Let g = 8 + -6. Suppose -10 = -3*w + 23. Suppose i - g*f = 2*f - w, -5*f = -20. Calculate the highest common factor of 5 and i.
5
Suppose 0 = 7*u - 3*u - 36. Calculate the greatest common factor of u and 1.
1
Suppose 5 = 5*t - 15. Let a = t + -6. Let n be (-2 - a) + 20/4. Calculate the highest common divisor of n and 25.
5
Suppose 4*k = 35 + 29. What is the greatest common divisor of k and 2?
2
Let d = 507 - 311. What is the highest common divisor of 28 and d?
28
Suppose b + 4*h - 181 = 0, h = 2*b - 3*b + 178. Let z(p) = 22*p + 3. Let q be z(-5). Let g = q + b. Calculate the greatest common factor of 10 and g.
10
Let d be (-76)/(-4) - -1 - -4. Let k = 19 + 149. Calculate the greatest common divisor of d and k.
24
Let p be (-20)/(-4)*(-6)/5. Let h be 1*85 - (p + 7). Calculate the highest common factor of h and 12.
12
Let b(s) = -2*s**2 - 18*s - 8. Let x be b(-8). Calculate the highest common divisor of 6 and x.
2
Suppose 4*x + 0*x + 26 = b, -57 = -2*b + 3*x. Calculate the highest common divisor of b and 45.
15
Suppose -u + 4*u = -5*c + 20, -5*u = 2*c - 27. Let v be (1 - 0) + 6/c. Suppose -47 = -4*o - v. What is the greatest common divisor of o and 70?
10
Let i(n) = n**2 - 4*n + 3. Let w be i(6). Suppose 0*d - 4*d = -40. Calculate the highest common divisor of w and d.
5
Suppose 33 = 3*s + 2*r, r + 30 + 3 = 3*s. Let t(n) = 5*n**3 - n**2 - n - 1. Let d be t(2). What is the highest common factor of d and s?
11
Suppose 2*o + 0*o + 3*s = 185, -3*o + 276 = 4*s. Suppose 9*l - o = 5*l. What is the greatest common divisor of 44 and l?
22
Let r(o) be the first derivative of 5*o**2/2 - o + 1. Let v be (-4 + 0)/((-5 - 3)/4). Let i be r(v). What is the greatest common divisor of 27 and i?
9
Suppose -13*g + 1897 = -1015. What is the highest common factor of g and 14?
14
Let h(c) = 3 + 6*c + 2*c**2 - 14*c + 3. Let m be 2/((-12)/792 + (-4)/(-22)). Let l be h(m). Calculate the highest common factor of l and 18.
18
Let q be ((0 - 0) + 1)*1. Let w(b) = b**2 - 4*b + 5*b**2 - 5*b**3 + 4*b**3. Let c be w(5). Calculate the highest common divisor of c and q.
1
Suppose 3 - 19 = -4*w. Suppose -13 = -w*p + 3. Suppose -4*g - p*l + 103 = -l, 0 = g + 2*l - 22. What is the highest common factor of 7 and g?
7
Let h(y) = y**2 - 11*y + 53. Let a be h(8). Let t = 914 - 653. What is the greatest common divisor of t and a?
29
Suppose -98 = -g - g. Suppose 4*b - 33 = p, 3*p = 2*b - p - 34. Calculate the highest common factor of b and g.
7
Let d be 163/7 - 2/7. Calculate the greatest common factor of 207 and d.
23
Let r = -10 - -19. Let w be ((-2)/(-3))/(6/117). Let q = 31 - w. What is the greatest common factor of q and r?
9
Let s be (-27)/(-36) - 617/(-4). Suppose 3*q - s = -47. Calculate the highest common divisor of 9 and q.
9
Let d(r) = r - 3. Let p be d(11). Calculate the greatest common factor of 20 and p.
4
Suppose 4*q = 26 + 14. Calculate the greatest common factor of q and 50.
10
Let i(q) = q + 19. Let m be i(0). Let b(g) = -g**3 - 4*g**2 + 2*g - 3. Let s be b(-6). What is the highest common divisor of s and m?
19
Suppose -8 + 10 = l. Let t be 2/10 + (-56)/(-20). What is the greatest common factor of l and t?
1
Let u = 38 + -2. What is the greatest common factor of 54 and u?
18
Let n = -11 + 20. Let h = -3 - -5. Suppose 3*m + 3*p - 8 = 2*p, h*m - p = 7. What is the highest common divisor of m and n?
3
Let y(l) = l**2 - 16*l + 26. Let s be y(15). What is the highest common divisor of s and 11?
11
Let v be (-116)/(-14) + (-22)/77. What is the highest common factor of 56 and v?
8
Let o(z) = z**3 + 8*z**2 - 8*z + 6. Let b be o(-9). Let f be 5 - b/((-3)/2). Calculate the highest common factor of 6 and f.
3
Suppose 0 = 18*w - 371 - 1015. Calculate the highest common divisor of 11 and w.
11
Let m(k) = -k**3 - 3*k**2 + 7*k + 6. Let g be m(-4). Let s(f) = 2*f**2 + 10*f + 7. Let w be s(g). What is the greatest common factor of w and 57?
19
Let j = 569 + -163. Let r be j/8 + (-3)/(-12). Let u be 4/(-14) - r/(-7). What is the highest common factor of u and 35?
7
Let v = -105 - -152. Suppose -5*p + v = -18. Calculate the greatest common factor of 13 and p.
13
Let t(s) be the first derivative of 3*s**2/2 - 5*s + 2. Let u be t(5). Let d = 0 + u. Calculate the greatest common divisor of d and 2.
2
Suppose -2*h + 40 = -x, -h - 2*x + 29 = -7*x. Let f be 25/(-2) + 6/(-4). Let o be (-1060)/(-14) + (-4)/f. Calculate the greatest common factor of h and o.
19
Suppose 10 = -2*a - 3*j, 5*j + 6 = -3*a - 11. Suppose 3*f = -4*m + 1 + a, -2*m = 3*f + 2. Calculate the greatest common divisor of m and 2.
2
Let c(x) = -x**3 + 3*x**2 - x. Let u be c(2). Let r be ((-9)/(-6))/(6/16). Calculate the highest common divisor of u and r.
2
Let j = 41 - 29. Suppose -3 = c - 5. Suppose 3*m + q - 13 = c, -2*m - 5*q = 3. Calculate the greatest common divisor of j and m.
6
Let w(t) = 8*t - t - 1 + 2*t**2 - 2*t - 3*t**2. Let q be w(4). What is the highest common factor of q and 21?
3
Let i(m) = -m**3 - 15*m**2 + 53*m + 24. Let s be i(-18). Let x = 99 + -71. Calculate the greatest common divisor of x and s.
14
Suppose 24 = 2*m + m. What is the highest common factor of m and 64?
8
Let i be (-4)/(-14) + (-40)/(-7). Let k = i - 2. Suppose t = -s + k*t + 30, t - 70 = -5*s. What is the greatest common factor of s and 15?
15
Let x = -10 - -14. What is the highest common divisor of x and 2?
2
Suppose 4*j + 3*b - 44 = 2*j, -3*j = -3*b - 96. Calculate the highest common factor of j and 308.
28
Let j be 48 + -2 + (0 - 1). What is the greatest common divisor of 405 and j?
45
Let j be -6 + 5 + 0 + 12. Calculate the highest common divisor of 44 and j.
11
Let k = 38 + -18. Calculate the highest common factor of 10 and k.
10
Let g = -58 + 60. Suppose 4*b = 31 - 7. Let f be 66/14 - b/(-21). What is the greatest common divisor of g and f?
1
Let p be (-1 - -2) + 34 + 1. Suppose -5*c + 2 = -4*c. Suppose 0 = 8*s - 3*s - m - 87, -c*s - m = -39. What is the highest common factor of p and s?
18
Let m = 76 + -63. Calculate the highest common divisor of 26 and m.
13
Let s be 12 - (3 + -3)*(-2)/4. Calculate the highest common factor of 132 and s.
12
Suppose 2*z + 84 = -2*z. Let o = 43 + z. Let u = -24 - -26. Calculate the highest common factor of o and u.
2
Let v(z) = z**2 - 4*z. Let r be v(4). Suppose -2*l + 84 = -r*l. Let k be (1 - 0)/(1/6). What is the greatest common factor of k and l?
6
Let b(v) = v - 7. Let a = 16 - 8. Let d be b(a). Calculate the greatest common factor of 1 and d.
1
Let t be 8/(-44) + 72/33. Calculate the greatest common divisor of t and 2.
2
Suppose s = -0 + 9. Suppose 5*j - s = 1. What is the greatest common factor of 18 and j?
2
Suppose -o - 34 + 44 = 0. What is the highest common divisor of o and 190?
10
Let p = 4 + 8. Let x be -2 + 196/(-8)*-4. What is the greatest common divisor of p and x?
12
Let a = 38 - 139. Let i = a - -141. Calculate the greatest common divisor of 8 and i.
8
Suppose 3*p - 60 = -0*p. Let l be (352/(-220))/(2/(-100)). What is the highest common factor of l and p?
20
Let x = 2 + 4. Let o(y) = -7*y**3 - y**2 - y - 1. Let m be o(-1). Calculate the greatest common divisor of m and x.
6
Let n(l) = l**3 - 6*l**2 + 3*l + 2. Let y be n(6). Calculate the greatest common divisor of y and 100.
20
Suppose -5*i - l - l = -79, 0 = -2*i - 4*l + 38. Let v = i - 11. Suppose -3*m + 10 = 4*a, -12 + v = -3*a - 2*m. What is the greatest common divisor of a and 16?
4
Suppose 0 = -33*k + 24*k + 234. What is the greatest common factor of 26 and k?
26
Suppose -2*v + v = -4*k + 15, -4*k - 4*v = 0. Suppose 0 = k*m - 3*n - 78, m + n - 26 = -2*n. Calculate the highest common divisor of m and 65.
13
Let c be (18/(-5))/((-6)/45). Let h = -14 + c. Calculate the greatest common factor of 91 and h.
13
Let o = -2 + 9. What is the highest common divisor of 21 and o?
7
Let n(z) = 7*z - 4. Let o = 8 - 1. Let x be n(o). Let l = -8 + 13. Calculate the